{"id":407,"date":"2018-10-04T21:51:50","date_gmt":"2018-10-04T21:51:50","guid":{"rendered":"https:\/\/flyingsquirrelsports.com.br\/calgary-alberta\/?page_id=407"},"modified":"2019-07-24T13:40:53","modified_gmt":"2019-07-24T13:40:53","slug":"tickets","status":"publish","type":"page","link":"https:\/\/flyingsquirrelsports.com.br\/brazil-saopaulo\/tickets\/","title":{"rendered":"Tickets"},"content":{"rendered":"\n\t\tMenu\t\t\t\n\t\t\t\t\t<ul id=\"menu-main-navigation\"><li id=\"menu-item-413\"><a href=\"https:\/\/flyingsquirrelsports.com.br\">Colombia Home<\/a><\/li>\n<li id=\"menu-item-40\"><a href=\"https:\/\/flyingsquirrelsports.com.br\/brazil-saopaulo\/\">Medell\u00edn<\/a><\/li>\n<li id=\"menu-item-412\"><a href=\"https:\/\/flyingsquirrelsports.com.br\/brazil-saopaulo\/tickets\/\">Boletos de Entrada<\/a><\/li>\n<li id=\"menu-item-411\"><a href=\"https:\/\/flyingsquirrelsports.com.br\/brazil-saopaulo\/parties\/\">Fiestas<\/a><\/li>\n<li id=\"menu-item-877\"><a href=\"https:\/\/www.rollerdigital.com\/flyingsquirrelsportslosmolinos\/waiver\/\">Renuncia<\/a><\/li>\n<li id=\"menu-item-249\"><a href=\"#\">Extras<\/a>\n<ul>\n\t<li id=\"menu-item-47\"><a href=\"https:\/\/flyingsquirrelsports.com.br\/brazil-saopaulo\/about\/\">Sobre Nosotros<\/a><\/li>\n\t<li id=\"menu-item-266\"><a href=\"https:\/\/flyingsquirrelsports.com.br\/brazil-saopaulo\/safety\/\">Seguridad<\/a><\/li>\n\t<li id=\"menu-item-320\"><a href=\"https:\/\/flyingsquirrelsports.com.br\/brazil-saopaulo\/attractions\/\">Atracciones<\/a><\/li>\n\t<li id=\"menu-item-248\"><a href=\"https:\/\/flyingsquirrelsports.com.br\/brazil-saopaulo\/faq\/\">Preguntas Frecuentes<\/a><\/li>\n\t<li id=\"menu-item-253\"><a href=\"https:\/\/flyingsquirrelsports.com.br\/brazil-saopaulo\/restaurant-menu\/\">Men\u00fa Restaurante<\/a><\/li>\n\t<li id=\"menu-item-258\"><a href=\"https:\/\/flyingsquirrelsports.com.br\/brazil-saopaulo\/party-invitations\/\">Invitaciones<\/a><\/li>\n\t<li id=\"menu-item-267\"><a href=\"https:\/\/flyingsquirrelsports.com.br\/brazil-saopaulo\/employment\/\">\u00bfQuieres trabajar con nosotros?<\/a><\/li>\n\t<li id=\"menu-item-36\"><a href=\"https:\/\/flyingsquirrelsports.com.br\/brazil-saopaulo\/contact-us\/\">Cont\u00e1ctanos<\/a><\/li>\n<\/ul>\n<\/li>\n<\/ul>\t\n\t<h1>Coming Soon<\/h1>\n<!---->\n<!---->\n<!---->\n<!--    -->\n<!--        <h1>-->\n<!--entradas y precios<\/h1>-->\n<!--    -->\n<!--    -->\n<!--<h2>ADMISI\u00d3N GENERAL<\/h2>-->\n<!---->\n<!--Disfrute de la experiencia completa de la ardilla voladora; estos precios son durante las horas regulares de operaci\u00f3n, excepto los horarios de las Luces de Ne\u00f3n, que son de viernes a s\u00e1bado de 9 a medianoche.-->\n<!--<p>$40,000 \/ 1 Hora<\/p>-->\n<!--<p>$50,000 \/ 1.5 Horas<\/p>-->\n<!--<p>$60,000 \/ 2 Horas<\/p>-->\n<!--<h2>-->\n<!--luces de ne\u00f3n<\/h2>-->\n<!---->\n<!--Luces de ne\u00f3n es cuando el parque se transforma en una experiencia de vida nocturna c\u00f3smica con un DJ y todo tipo de cosas.-->\n<!--<p>$50,000 \/ 3 Horas<\/p>-->\n<!--<p>Fridays and Saturdays 9pm - Midnight.<\/p>-->\n<!--<h2>tiempo de ni\u00f1o<\/h2>-->\n<!---->\n<!--Aproveche el tiempo para ni\u00f1os peque\u00f1os y visite durante las horas enumeradas a continuaci\u00f3n para obtener un 50% de descuento en el precio de Admisi\u00f3n General para ni\u00f1os de 6 a\u00f1os de edad y menores.-->\n<!--<p>$20,000 \/ 1 Hora<\/p>-->\n<!--<p>Mondays - Fridays : 10am -1pm<\/p>-->\n<!--<p>Weekends : 10am - 11am<\/p>-->\n<!---->\n<!---->\n<!---->\n<!--<h1>Special<\/h1>-->\n<!--<h1>Passes<\/h1>-->\n<!--<h2>pase de ni\u00f1o<\/h2>-->\n<!---->\n<!--Tarjeta perforada de 10 horas para menores de 6 a\u00f1os. Puedes usar este pase cualquier d\u00eda que quieras. No hay restricciones de tiempo para ni\u00f1os peque\u00f1os al comprar el Pase para ni\u00f1os peque\u00f1os.-->\n<!--<p>$150,000 \/ 10 Horas valor<\/p>-->\n<!--<h2>-->\n<!--pase familiar<\/h2>-->\n<!--10 horas de Punch Card. Bueno para 10 horas de tiempo de salto para ser utilizado por la familia inmediata solamente. El valor total es de 10 horas solamente.-->\n<!---->\n<!--<p>$300,000 \/ 10 Horas valor<\/p>-->\n<!--<h2>-->\n<!--Clase de condicionamiento fisico<\/h2>-->\n<!---->\n<!--Participa en nuestras clases de TrampoLEAN para ponerte en forma y divertirte.-->\n<!--<p>$20,000 \/ 1 Hora<\/p>-->\n<!--<p>TBD<\/p>-->\n<!--<p>TBD<\/p>-->\n<!--<h2>calcetines<\/h2>-->\n<!--<p>$10,000<\/p>-->\n<!---->\n<!---->\n<!---->\n<!---->\n<!--    <a href=\"https:\/\/www.rollerdigital.com\/flyingsquirrelsportslosmolinos\/products\/compradeboletosypases\">-->\n<!--    <button>Purchase Tickets or Passes<\/button>-->\n<!--    <\/a>-->\n<!---->\n<!---->\n<!---->\n\t<h4>Horarios<\/h4>\n<table>\n<colgroup>\n<col \/>\n<col \/> <\/colgroup>\n<tbody>\n<tr>\n<td>Domingo &#8211; Jueves<\/td>\n<td>10:00 am &#8211; 10:00 pm<\/td>\n<\/tr>\n<tr>\n<td>Viernes &#8211; Sabado<\/td>\n<td>10:00 am &#8211; Midnight<\/td>\n<\/tr>\n<\/tbody>\n<\/table>\n\t<h4>Follow Us<\/h4>\n<p>You can follow Flying Squirrel Colombia on all major social platforms. News, contests and special offers are announced on these platforms.<\/p>\n\t<h4>Locations<\/h4>\n<a href=\"https:\/\/flyingsquirrelsports.com.br\/brazil-saopaulo\/\">Medell\u00edn<\/a><br \/>\n<a href=\"https:\/\/flyingsquirrelsports.com.br\/coming-soon\/\">Bogota<\/a><br \/>\n<a href=\"https:\/\/flyingsquirrelsports.com.br\/coming-soon\/\">Cali<\/a><br \/>\n<a href=\"https:\/\/flyingsquirrelsports.com.br\/coming-soon\/\">Bucaramanga<\/a><br \/>\n<a href=\"https:\/\/flyingsquirrelsports.com.br\/coming-soon\/\">Baranquilla<\/a><br \/>\n<a href=\"https:\/\/flyingsquirrelsports.com.br\/coming-soon\/\">Ibague<\/a>\n<p><a href=\"https:\/\/flyingsquirrelsports.com.br\/brazil-saopaulo\/employment\">Employment<\/a><\/p>\n\t\t\t\t<img src=\"https:\/\/flyingsquirrelsports.com.br\/calgary-alberta\/wp-content\/uploads\/sites\/4\/2018\/09\/IAAPA.png\" alt=\"IAAPA\" itemprop=\"image\" title=\"IAAPA\" onerror=\"this.style.display='none'\"  \/>\n\t\t\t\t<img src=\"https:\/\/flyingsquirrelsports.com.br\/calgary-alberta\/wp-content\/uploads\/sites\/4\/2018\/09\/iatpremovedwhite.png\" alt=\"iatpremovedwhite\" itemprop=\"image\" title=\"iatpremovedwhite\" onerror=\"this.style.display='none'\"  \/>\n","protected":false},"excerpt":{"rendered":"<p>Menu Colombia Home Medell\u00edn Boletos de Entrada Fiestas Renuncia Extras Sobre Nosotros Seguridad Atracciones Preguntas Frecuentes Men\u00fa Restaurante Invitaciones \u00bfQuieres trabajar con nosotros? Cont\u00e1ctanos Coming Soon Horarios Domingo &#8211; Jueves 10:00 am &#8211; 10:00 pm Viernes &#8211; Sabado 10:00 am &#8211; Midnight Follow Us You can follow Flying Squirrel Colombia on all major social platforms.&hellip;<\/p>\n","protected":false},"author":3,"featured_media":0,"parent":0,"menu_order":0,"comment_status":"closed","ping_status":"closed","template":"tpl-no-header-footer.php","meta":[],"_links":{"self":[{"href":"https:\/\/flyingsquirrelsports.com.br\/brazil-saopaulo\/wp-json\/wp\/v2\/pages\/407"}],"collection":[{"href":"https:\/\/flyingsquirrelsports.com.br\/brazil-saopaulo\/wp-json\/wp\/v2\/pages"}],"about":[{"href":"https:\/\/flyingsquirrelsports.com.br\/brazil-saopaulo\/wp-json\/wp\/v2\/types\/page"}],"author":[{"embeddable":true,"href":"https:\/\/flyingsquirrelsports.com.br\/brazil-saopaulo\/wp-json\/wp\/v2\/users\/3"}],"replies":[{"embeddable":true,"href":"https:\/\/flyingsquirrelsports.com.br\/brazil-saopaulo\/wp-json\/wp\/v2\/comments?post=407"}],"version-history":[{"count":0,"href":"https:\/\/flyingsquirrelsports.com.br\/brazil-saopaulo\/wp-json\/wp\/v2\/pages\/407\/revisions"}],"wp:attachment":[{"href":"https:\/\/flyingsquirrelsports.com.br\/brazil-saopaulo\/wp-json\/wp\/v2\/media?parent=407"}],"curies":[{"name":"wp","href":"https:\/\/api.w.org\/{rel}","templated":true}]}}